{"id":749,"date":"2024-11-19T09:20:49","date_gmt":"2024-11-19T09:20:49","guid":{"rendered":"http:\/\/www.vilppulanveneilijat.fi\/?page_id=749"},"modified":"2026-04-07T20:03:41","modified_gmt":"2026-04-07T20:03:41","slug":"tiedotteet","status":"publish","type":"page","link":"http:\/\/www.vilppulanveneilijat.fi\/?page_id=749","title":{"rendered":"TIEDOTTEET"},"content":{"rendered":"<a href=\"http:\/\/www.vilppulanveneilijat.fi\/wp-content\/uploads\/2026\/04\/Esityslista_kevatkokous-2026.pdf\" class=\"pdfemb-viewer\" style=\"\" data-width=\"max\" data-height=\"max\" data-toolbar=\"bottom\" data-toolbar-fixed=\"off\">Esityslista_kevatkokous-2026<\/a>\n\n<a href=\"http:\/\/www.vilppulanveneilijat.fi\/wp-content\/uploads\/2025\/08\/Ohjelma_23.08.2025-1-1.pdf\" class=\"pdfemb-viewer\" style=\"\" data-width=\"max\" data-height=\"max\" data-toolbar=\"bottom\" data-toolbar-fixed=\"off\">Ohjelma_23.08.2025-1-1<\/a>\n\n<a href=\"http:\/\/www.vilppulanveneilijat.fi\/wp-content\/uploads\/2025\/08\/JASENET_ver.2_Ilmoittaudu-risteilylle.pdf\" class=\"pdfemb-viewer\" style=\"\" data-width=\"max\" data-height=\"max\" data-toolbar=\"bottom\" data-toolbar-fixed=\"off\">JASENET_ver.2_Ilmoittaudu-risteilylle<\/a>\n\n<a href=\"http:\/\/www.vilppulanveneilijat.fi\/wp-content\/uploads\/2025\/08\/Ilmoitus-jasenille.pdf\" class=\"pdfemb-viewer\" style=\"\" data-width=\"max\" data-height=\"max\" data-toolbar=\"bottom\" data-toolbar-fixed=\"off\">Ilmoitus-jasenille<\/a>\n\n<a href=\"http:\/\/www.vilppulanveneilijat.fi\/wp-content\/uploads\/2025\/08\/Ilmoitus-jasenille.pdf\" class=\"pdfemb-viewer\" style=\"\" data-width=\"max\" data-height=\"max\" data-toolbar=\"bottom\" data-toolbar-fixed=\"off\">Ilmoitus-jasenille<\/a>\n\n\n<p class=\"has-medium-font-size wp-block-paragraph\"><strong>Seuran verkko-osoite ja s\u00e4hk\u00f6postiosoite ovat muuttuneet.<\/strong><\/p>\n\n\n\n<p class=\"wp-block-paragraph\">Seuran verkko-osoite on www.vilppulanveneilijat.fi<\/p>\n\n\n\n<p class=\"wp-block-paragraph\">Seuran s\u00e4hk\u00f6postiosoitteet ovat muotoa etunimi.sukunimi@vilppulanveneilijat.fi<\/p>\n\n\n\n<p class=\"wp-block-paragraph\">Kotisivujen p\u00e4ivityksest\u00e4 vastaa Juha Koivistoinen <\/p>\n\n\n\n<p class=\"wp-block-paragraph\"><\/p>\n\n\n\n<p class=\"has-medium-font-size wp-block-paragraph\"><strong>Valokuvagalleria ja lehtileikekirja t\u00e4ydentyy kokoajan.<\/strong><\/p>\n\n\n\n<p class=\"wp-block-paragraph\">Valokuvien lajittelu, valitseminen ja lis\u00e4\u00e4minen on hidasta puuhaa, mutta homma etenee.<\/p>\n\n\n\n<p class=\"wp-block-paragraph\"><\/p>\n\n\n\n<p class=\"has-medium-font-size wp-block-paragraph\"><strong>Seuran 40v-, Kotvion 140v -ja Vilppureitin 160v juhlat <\/strong><\/p>\n\n\n\n<p class=\"wp-block-paragraph\">Hallitus keskusteli tiistain kokouksessaan 30.07.2024 juhlista.<br>Hallitus totesi 2024 kes\u00e4n ty\u00f6m\u00e4\u00e4r\u00e4n olleen niin suuri ja juhlien j\u00e4rjest\u00e4miseen tarvittavan henkil\u00f6st\u00f6n niin pieni, ettei juhlien kunniakkaaseen j\u00e4rjest\u00e4miseen ole resursseja.<br>Hallitus p\u00e4\u00e4tti siksi siirt\u00e4\u00e4 juhlat vuodelle 2025 .<\/p>\n\n\n\n<p class=\"wp-block-paragraph\">Hallitus on pahoillaan aiheutuneesta mielipahasta.<\/p>\n\n\n\n<p class=\"wp-block-paragraph\">Seuran 40v-, Kotvion 140v -ja Vilppureitin 160vuotista taivalta muistetaan valokuva- ja leikekirjan  julkistamisella. <br><\/p>\n\n\n\n<p class=\"wp-block-paragraph\">                    Hallituksen puolesta<br>                       Juha Kivinen<br>                        Kommodori  &nbsp; &nbsp; &nbsp; &nbsp; &nbsp; &nbsp; &nbsp; &nbsp; &nbsp; &nbsp; &nbsp; &nbsp; &nbsp; &nbsp; &nbsp; &nbsp; &nbsp; &nbsp; &nbsp; &nbsp; &nbsp; &nbsp; &nbsp; &nbsp; &nbsp; &nbsp; &nbsp; &nbsp; &nbsp; &nbsp; &nbsp; &nbsp; &nbsp; &nbsp; &nbsp; &nbsp; &nbsp; &nbsp; &nbsp; &nbsp; &nbsp; &nbsp; &nbsp; &nbsp; &nbsp; &nbsp; &nbsp; &nbsp; &nbsp; &nbsp; &nbsp; &nbsp; &nbsp; <\/p>\n\n\n\n<p class=\"wp-block-paragraph\"><\/p>\n\n\n\n<p class=\"has-medium-font-size wp-block-paragraph\"><strong>Honkatorpan talkoop\u00e4iv<\/strong>\u00e4 <strong>Navigaatioseuran kanssa.<\/strong><\/p>\n\n\n\n<p class=\"wp-block-paragraph\">Honkatorpan yhteinen talkoop\u00e4iv\u00e4 Navigaatioseuran kanssa on lauantai 13.07. 2024 alkaen kello kymmenen. Ty\u00f6listalla on ensi kes\u00e4n polttopuiden teko, terassin korjaus, yl\u00e4kerran portaiden ja parvekkeen maalaus, lupiinien h\u00e4vitys, sis\u00e4tilojen siivous, mahdollisesti saunan laudepuiden vaihto. Muonituksesta ja kahvituksesta vastaa Naviksen loistava naisryhm\u00e4<\/p>\n\n\n\n<p class=\"wp-block-paragraph\"><\/p>\n\n\n\n<p class=\"has-medium-font-size wp-block-paragraph\"><strong>Honkatorpan ja M\u00e4kitalonlahden sataman kaivovesitutkimus 03.06.2024<\/strong><\/p>\n\n\n\n<p class=\"wp-block-paragraph\">Honkatorpan ja Sataman kaivovesi on laboratorio- tutkimuksessa todettu t\u00e4ytt\u00e4v\u00e4n talousvedelle asetettavat vaatimukset.<\/p>\n\n\n\n<p class=\"wp-block-paragraph\">LAUSUNTO 03.06.2024: T\u00e4ytt\u00e4\u00e4 tutkituilta osin talousvesikaivojen vedelle asetetut mikrobiologiset 2021-10374-001 laatuvaatimukset ja laatusuositukset<\/p>\n\n\n\n<p class=\"wp-block-paragraph\"><\/p>\n\n\n\n<figure class=\"wp-block-image size-full is-resized\"><img fetchpriority=\"high\" decoding=\"async\" width=\"774\" height=\"857\" src=\"http:\/\/www.vilppulanveneilijat.fi\/wp-content\/uploads\/2024\/11\/Vesinayte-Satama-03.06.2024.webp\" alt=\"\" class=\"wp-image-1121\" style=\"width:840px;height:auto\" srcset=\"http:\/\/www.vilppulanveneilijat.fi\/wp-content\/uploads\/2024\/11\/Vesinayte-Satama-03.06.2024.webp 774w, http:\/\/www.vilppulanveneilijat.fi\/wp-content\/uploads\/2024\/11\/Vesinayte-Satama-03.06.2024-271x300.webp 271w, http:\/\/www.vilppulanveneilijat.fi\/wp-content\/uploads\/2024\/11\/Vesinayte-Satama-03.06.2024-768x850.webp 768w\" sizes=\"(max-width: 774px) 100vw, 774px\" \/><\/figure>\n\n\n\n<h1 class=\"wp-block-heading\"><\/h1>\n\n\n\n<figure class=\"wp-block-image size-full\"><img decoding=\"async\" width=\"636\" height=\"817\" src=\"http:\/\/www.vilppulanveneilijat.fi\/wp-content\/uploads\/2024\/11\/Vesinayte-Honkatorppa-03.06.2024.webp\" alt=\"\" class=\"wp-image-1122\" srcset=\"http:\/\/www.vilppulanveneilijat.fi\/wp-content\/uploads\/2024\/11\/Vesinayte-Honkatorppa-03.06.2024.webp 636w, http:\/\/www.vilppulanveneilijat.fi\/wp-content\/uploads\/2024\/11\/Vesinayte-Honkatorppa-03.06.2024-234x300.webp 234w\" sizes=\"(max-width: 636px) 100vw, 636px\" \/><\/figure>\n\n\n\n<p class=\"wp-block-paragraph\"><\/p>\n","protected":false},"excerpt":{"rendered":"<p>Seuran verkko-osoite ja s\u00e4hk\u00f6postiosoite ovat muuttuneet. Seuran verkko-osoite on www.vilppulanveneilijat.fi Seuran s\u00e4hk\u00f6postiosoitteet ovat muotoa etunimi.sukunimi@vilppulanveneilijat.fi Kotisivujen p\u00e4ivityksest\u00e4 vastaa Juha Koivistoinen Valokuvagalleria ja lehtileikekirja t\u00e4ydentyy kokoajan. Valokuvien lajittelu, valitseminen ja lis\u00e4\u00e4minen on hidasta puuhaa, mutta homma etenee. Seuran 40v-, Kotvion 140v -ja Vilppureitin 160v juhlat Hallitus keskusteli tiistain kokouksessaan 30.07.2024 juhlista.Hallitus totesi 2024 kes\u00e4n ty\u00f6m\u00e4\u00e4r\u00e4n olleen [&hellip;]<\/p>\n","protected":false},"author":1,"featured_media":0,"parent":0,"menu_order":0,"comment_status":"closed","ping_status":"closed","template":"","meta":{"_crdt_document":"","ngg_post_thumbnail":0,"footnotes":""},"class_list":["post-749","page","type-page","status-publish","hentry"],"jetpack_sharing_enabled":true,"_links":{"self":[{"href":"http:\/\/www.vilppulanveneilijat.fi\/index.php?rest_route=\/wp\/v2\/pages\/749","targetHints":{"allow":["GET"]}}],"collection":[{"href":"http:\/\/www.vilppulanveneilijat.fi\/index.php?rest_route=\/wp\/v2\/pages"}],"about":[{"href":"http:\/\/www.vilppulanveneilijat.fi\/index.php?rest_route=\/wp\/v2\/types\/page"}],"author":[{"embeddable":true,"href":"http:\/\/www.vilppulanveneilijat.fi\/index.php?rest_route=\/wp\/v2\/users\/1"}],"replies":[{"embeddable":true,"href":"http:\/\/www.vilppulanveneilijat.fi\/index.php?rest_route=%2Fwp%2Fv2%2Fcomments&post=749"}],"version-history":[{"count":17,"href":"http:\/\/www.vilppulanveneilijat.fi\/index.php?rest_route=\/wp\/v2\/pages\/749\/revisions"}],"predecessor-version":[{"id":3356,"href":"http:\/\/www.vilppulanveneilijat.fi\/index.php?rest_route=\/wp\/v2\/pages\/749\/revisions\/3356"}],"wp:attachment":[{"href":"http:\/\/www.vilppulanveneilijat.fi\/index.php?rest_route=%2Fwp%2Fv2%2Fmedia&parent=749"}],"curies":[{"name":"wp","href":"https:\/\/api.w.org\/{rel}","templated":true}]}}