{"id":775,"date":"2024-11-19T09:49:55","date_gmt":"2024-11-19T09:49:55","guid":{"rendered":"http:\/\/www.vilppulanveneilijat.fi\/?page_id=775"},"modified":"2024-11-27T10:18:43","modified_gmt":"2024-11-27T10:18:43","slug":"historia","status":"publish","type":"page","link":"http:\/\/www.vilppulanveneilijat.fi\/?page_id=775","title":{"rendered":"Historia"},"content":{"rendered":"\n<p class=\"wp-block-paragraph\"><\/p>\n\n\n\n<p class=\"wp-block-paragraph\"><strong>Taustatietoa<\/strong><\/p>\n\n\n\n<p class=\"wp-block-paragraph\">Alussa meill\u00e4 oli vain pajua rehottava ranta lukuisine veneen raatoineen sek\u00e4 l\u00e4hes likaviem\u00e4riksi leimattu vesist\u00f6.<\/p>\n\n\n\n<p class=\"wp-block-paragraph\">Vilppulan Veneilij\u00e4t ry sai alkunsa, vuonna -83 vireill\u00e4 olleen Kokem\u00e4enjoen uittos\u00e4\u00e4nn\u00f6n uudistamisesta. Uittos\u00e4\u00e4nn\u00f6st\u00e4 tehtiin valitus ja koko toimitus joutui uuteen k\u00e4sittelyyn, jonka seurauksena venereitti ja nykyisen sataman alue pelastui joutumasta puutavaran vesivarasto-alueeksi. Siihen rantaan rakennettiin talkoilla kolme laituria kunnan ja yritysten avustusten turvin. Laiturit olivat k\u00e4yt\u00f6ss\u00e4 kuusi vuotta.<\/p>\n\n\n\n<p class=\"wp-block-paragraph\">Seuran alkuajan tavoitteeksi tuli tietysti satamaolojen saattaminen ajan tasalle Vilppulassa sek\u00e4 tukikohta-alueen hankkiminen Tarjanneveden \u00e4\u00e4relt\u00e4. Tukikohta-alueeksi l\u00f6ytyikin Pohjaslahden kunnan entinen leirint\u00e4alue. Kunta vuokrasi alueen vastaperustetulle seuralle 25 vuodeksi tulevan leirikeskuksen. Vuosina 84-86 uudelleen- rakennettiin alueelle Nokian Tytt\u00f6l\u00e4nm\u00e4elt\u00e4 ostettu kahden perheen ty\u00f6l\u00e4isasunto.<\/p>\n\n\n\n<p class=\"wp-block-paragraph\">Nyt paikalla kohoaa ajanmukainen leirikeskus ymp\u00e4rivuotiseen k\u00e4ytt\u00f6\u00f6n, miss\u00e4 j\u00e4senten k\u00e4ytett\u00e4viss\u00e4 on veneit\u00e4, kanootteja, purjelautoja sek\u00e4 kalastusv\u00e4lineit\u00e4, muun muassa nuotta vanhan kalastusperinteen s\u00e4ilytt\u00e4miseksi.<\/p>\n\n\n\n<p class=\"wp-block-paragraph\">Samanaikaisesti tukikohdan rakentamisen kanssa kohennettiin Vilppulankosken venesataman oloja mm. rakentamalla kunnan aineista satamaan vierasveneilij\u00f6iden k\u00e4ytt\u00f6\u00f6n huoltorakennus, jossa on wc- ja suihkutilat, vesipiste, puhelin ja varasto. Lis\u00e4ksi on kunnostettu satamaan lainapy\u00f6ri\u00e4 vieraiden k\u00e4ytt\u00f6\u00f6n. Satamassa olevan kahvila-ravintolan seura on ostanut ja kunnostanut varmistaakseen elintarvikemyynnin satamassa. Rannassa oleva vuoden 1991 koskip\u00e4ivill\u00e4 paljastettu &#8221;sis\u00e4vesiliikenteen muistomerkki&#8221; on Veneilij\u00f6iden kunnianosoitus sis\u00e4vesiliikenteen veteraaneille, jotka ovat sen aikaisilla aluksilla ja sen aikaisilla navigointiv\u00e4lineill\u00e4 l\u00e4hes keliss\u00e4 kuin keliss\u00e4 hoitaneet matkustaja- ja tavaraliikennett\u00e4.<\/p>\n\n\n\n<p class=\"wp-block-paragraph\">Seuran haastavin hanke lienee kuitenkin Tampereen kaupungin vuonna -89 lahjoittaman Kotvio II- h\u00f6yrylaivan kunnostaminen. Se on N\u00e4sij\u00e4rven vanhin ja koko Suomen yhdeks\u00e4nneksi vanhin h\u00f6yryalus. Aikanaan valmistuva Kotvio II tulee toimimaan seuran koulutusaluksena ja tilausristeilyk\u00e4yt\u00f6ss\u00e4.<\/p>\n\n\n\n<p class=\"wp-block-paragraph\">Parhaillaan on menossa toinenkin suuri hanke, viihtyis\u00e4n ja monik\u00e4ytt\u00f6isen venesataman rakentaminen hieman nykyisen venesataman alapuolella aukeavalle M\u00e4kitalonlahdelle. Kysymyksess\u00e4 on itse asiassa 90 vuotta vanhan M\u00e4kitalonlahden sataman kunnostaminen ja palauttaminen vene- ja laivaliikenteen k\u00e4ytt\u00f6\u00f6n, jonka ansiosta kaikille Vilppulaan saapuville aluksille l\u00f6ytyy laituripaikka. Satamalle pyrit\u00e4\u00e4n palauttamaan vanha 30- ja 40- luvuista muistuttava ilme. Se tulee tarjoamaan paljon palveluja veneilij\u00f6ille, telakkapalveluita vanhoille aluksille, kotipaikan Kotvio II varustamolle ja kotisataman seurallemme. Seuran j\u00e4senet saavat sielt\u00e4 monipuoliset satamapalvelut edulliseen j\u00e4senhintaan kotipaikasta riippumatta.<\/p>\n\n\n\n<p class=\"wp-block-paragraph\">Vilppulan Veneilij\u00e4t ry liittyi Suomen Moottoriveneliittoon ja Suomen Navigaatioliittoon vuonna 1992. Seura kuuluu yhteis\u00f6j\u00e4senen\u00e4 Suomen H\u00f6yrypursiseuraan. Seuran lipun Merenkulkuhallitus hyv\u00e4ksyi vuonna 1989 viralliseksi alustemme per\u00e4lipuksi.<\/p>\n\n\n\n<p class=\"wp-block-paragraph\">T\u00e4ll\u00e4 kotisivulla tarjoamme tietoa seurastamme ja toimistamme sek\u00e4 palveluistamme<\/p>\n\n\n\n<p class=\"wp-block-paragraph\">. Mik\u00e4li olemme onnistuneet her\u00e4tt\u00e4m\u00e4\u00e4n kiinnostuksesi, niin aloitussivulta l\u00f6yd\u00e4t linkin j\u00e4senhakemukseen. T\u00e4ytt\u00e4m\u00e4ll\u00e4 hakemuksen p\u00e4\u00e4set mukaan t\u00e4yden palvelun veneseuraan.<\/p>\n\n\n\n<p class=\"wp-block-paragraph\">J\u00e4senyyden kustannukset voit laskea <a href=\"http:\/\/www.vilppulanveneilijat.fi\/?page_id=755\">Palveluhinnasto<\/a><\/p>\n\n\n\n<p class=\"wp-block-paragraph\">Maksut ovat seurassamme perhekohtaisia eik\u00e4 j\u00e4senmaksujakaan ole hinnalla pilattu. Osallistumalla talkootoimintaan voi maksuja alentaa.<\/p>\n","protected":false},"excerpt":{"rendered":"<p>Taustatietoa Alussa meill\u00e4 oli vain pajua rehottava ranta lukuisine veneen raatoineen sek\u00e4 l\u00e4hes likaviem\u00e4riksi leimattu vesist\u00f6. Vilppulan Veneilij\u00e4t ry sai alkunsa, vuonna -83 vireill\u00e4 olleen Kokem\u00e4enjoen uittos\u00e4\u00e4nn\u00f6n uudistamisesta. Uittos\u00e4\u00e4nn\u00f6st\u00e4 tehtiin valitus ja koko toimitus joutui uuteen k\u00e4sittelyyn, jonka seurauksena venereitti ja nykyisen sataman alue pelastui joutumasta puutavaran vesivarasto-alueeksi. Siihen rantaan rakennettiin talkoilla kolme laituria kunnan [&hellip;]<\/p>\n","protected":false},"author":1,"featured_media":0,"parent":0,"menu_order":0,"comment_status":"closed","ping_status":"closed","template":"","meta":{"_crdt_document":"","ngg_post_thumbnail":0,"footnotes":""},"class_list":["post-775","page","type-page","status-publish","hentry"],"jetpack_sharing_enabled":true,"_links":{"self":[{"href":"http:\/\/www.vilppulanveneilijat.fi\/index.php?rest_route=\/wp\/v2\/pages\/775","targetHints":{"allow":["GET"]}}],"collection":[{"href":"http:\/\/www.vilppulanveneilijat.fi\/index.php?rest_route=\/wp\/v2\/pages"}],"about":[{"href":"http:\/\/www.vilppulanveneilijat.fi\/index.php?rest_route=\/wp\/v2\/types\/page"}],"author":[{"embeddable":true,"href":"http:\/\/www.vilppulanveneilijat.fi\/index.php?rest_route=\/wp\/v2\/users\/1"}],"replies":[{"embeddable":true,"href":"http:\/\/www.vilppulanveneilijat.fi\/index.php?rest_route=%2Fwp%2Fv2%2Fcomments&post=775"}],"version-history":[{"count":4,"href":"http:\/\/www.vilppulanveneilijat.fi\/index.php?rest_route=\/wp\/v2\/pages\/775\/revisions"}],"predecessor-version":[{"id":1179,"href":"http:\/\/www.vilppulanveneilijat.fi\/index.php?rest_route=\/wp\/v2\/pages\/775\/revisions\/1179"}],"wp:attachment":[{"href":"http:\/\/www.vilppulanveneilijat.fi\/index.php?rest_route=%2Fwp%2Fv2%2Fmedia&parent=775"}],"curies":[{"name":"wp","href":"https:\/\/api.w.org\/{rel}","templated":true}]}}